rmine l(63).
44
Let u(y) = 971*y - 3151. What is u(4)?
733
Let a(b) = 20012*b - 280198. Determine a(14).
-30
Let b(m) = 115176*m - 2303514. Calculate b(20).
6
Let k(v) = -16*v**2 - 63*v - 521. What is k(-7)?
-864
Let d(i) = -35*i**2 + 779*i - 778. What is d(1)?
-34
Let r(c) = -257*c + 8692. Calculate r(35).
-303
Let b(a) = a**3 + 14*a**2 - 24*a - 74. What is b(-9)?
547
Let u(r) = -180*r**2 - 853*r - 855. Give u(-1).
-182
Let c(t) = 1011*t**2 - 5047*t - 15. Determine c(5).
25
Let u(c) = -5*c**2 - 15095*c - 30191. Calculate u(-2).
-21
Let i(s) = -s**3 - 31*s**2 - 249*s - 575. Calculate i(-6).
19
Let j(l) = 113*l - 378. Give j(1).
-265
Let f(x) = -15*x - 2161. Determine f(-98).
-691
Let b(x) = -4*x**2 + 1465*x - 132006. Give b(160).
-6
Let f(a) = -3474*a - 48697. What is f(-14)?
-61
Let c(p) = -116*p + 9046. What is c(80)?
-234
Let t(w) = -w**2 + 1091*w - 289013. Determine t(453).
1
Let z(c) = -3*c**2 - 2819*c - 14061. Determine z(-5).
-41
Let j(o) = -531*o - 169377. Give j(-319).
12
Let s(l) = l**3 - 71*l**2 - 3043*l - 31. Determine s(-30).
359
Let o(u) = u**3 + 20*u**2 + 256*u + 4422. Give o(-19).
-81
Let r(a) = 7*a**3 + 77*a**2 - 33. Determine r(-8).
1311
Let f(v) = -15*v**2 + 745*v + 389. Determine f(50).
139
Let z(r) = -586*r**3 + 25201*r**2 - 133*r + 166. Give z(43).
-6
Let y(z) = 2*z**3 - 898*z + 5600. Determine y(7).
0
Let n(w) = 1952*w + 83906. Calculate n(-43).
-30
Let f(q) = 4*q**2 - 171*q - 2034. Give f(-14).
1144
Let h(f) = -f**2 - 39*f - 202. What is h(-24)?
158
Let v(z) = -9*z**3 - 4*z**2 - 3926*z - 3923. Determine v(-1).
8
Let h(a) = -127*a**3 + 611*a**2 + 126*a + 27. What is h(5)?
57
Let r(v) = 13087*v - 25969. Determine r(2).
205
Let g(z) = 733*z**2 - 2849*z - 381. Give g(4).
-49
Let a(f) = -f**3 - 8*f**2 - 1057*f + 5313. Give a(5).
-297
Let b(a) = a**3 - 18*a**2 - 93*a - 54. Determine b(-3).
36
Let t(n) = -76*n**2 - 1988*n - 343. Calculate t(-26).
-31
Let z(b) = 158941*b - 10331167. What is z(65)?
-2
Let t(i) = -1570*i + 2463. What is t(1)?
893
Let n(p) = -13*p**2 + 930*p - 430. Give n(71).
67
Let x(y) = 99676*y + 897172. What is x(-9)?
88
Let i(f) = 3*f**2 - 857*f + 8443. Give i(276).
439
Let l(v) = 4*v**3 + 268*v**2 - 148*v - 9945. Calculate l(-67).
-29
Let n(d) = d**3 + 45*d**2 + 103*d + 920. Determine n(-43).
189
Let d(b) = 24*b**2 - 199*b + 109. Determine d(8).
53
Let k(n) = -474*n - 8768. Determine k(-16).
-1184
Let v(p) = p**2 + 302*p - 15775. Determine v(48).
1025
Let r(h) = -7*h**2 - 15*h + 865. Determine r(10).
15
Let t(q) = 10*q**3 - 677*q**2 - 219*q + 1101. Give t(68).
81
Let h(d) = 3020*d - 20925. What is h(7)?
215
Let s(r) = 204*r + 10784. Calculate s(-53).
-28
Let f(c) = -76*c**2 - 1149*c + 628. Calculate f(-15).
763
Let x(p) = 8*p**2 - 1140*p + 4566. Calculate x(138).
-402
Let g(u) = 3*u**3 + 154*u**2 + 6*u - 226. Calculate g(-51).
2069
Let l(i) = -i**3 - 496*i**2 + 1478*i + 240029. Determine l(-498).
-7
Let t(z) = -13*z**2 + 648*z - 8005. Determine t(27).
14
Let s(c) = -337*c + 38693. Determine s(113).
612
Let m(a) = 75*a**3 - 14*a**2 - 622*a - 609. Determine m(-1).
-76
Let c(p) = p**3 + 55*p**2 + 119*p + 3565. Give c(-54).
55
Let a(u) = 3619*u - 242409. Calculate a(67).
64
Let s(r) = -r**2 - 6105*r + 245801. Calculate s(40).
1
Let r(n) = 37193*n + 74386. Give r(-2).
0
Let a(k) = -2*k**3 + 23*k**2 + 99*k - 118. Determine a(1).
2
Let j(s) = 11*s**2 + 17*s - 63. Calculate j(4).
181
Let g(l) = -15061*l - 3418839. Determine g(-227).
8
Let z(v) = -166*v - 209. Give z(-1).
-43
Let t(h) = -h**2 + 7873*h - 8040401. Give t(1206).
1
Let c(a) = a**3 + 96*a**2 + 1562*a + 12290. Determine c(-78).
-34
Let r(m) = -101*m**2 - 1504*m + 26. What is r(-12)?
3530
Let s(n) = 68613*n**2 + 205842*n - 4. Give s(-3).
-13
Let r(b) = 2496*b - 99831. What is r(40)?
9
Let s(r) = -r**3 + 68*r**2 + 17*r - 5. Determine s(0).
-5
Let i(g) = 5*g**3 + 100*g**2 - 138*g - 4576. Give i(-19).
-149
Let n(r) = -r**3 + 15*r**2 + 1921*r - 28820. Determine n(15).
-5
Let m(t) = 50*t**2 + 237*t - 472. Determine m(2).
202
Let n(m) = -309*m**3 - 2805*m**2 + 2863*m + 132. What is n(-10)?
2
Let b(a) = a**3 + 19*a**2 + 217*a + 914. What is b(-7)?
-17
Let v(y) = -y**3 + 33*y**2 - 242*y + 284. Determine v(23).
8
Let x(d) = 1789*d + 7346. Give x(-4).
190
Let c(y) = 2*y**3 - 171*y**2 - 60*y - 2428. Give c(86).
-192
Let g(t) = t**3 + 42*t**2 - 570*t + 1377. Calculate g(8).
17
Let m(n) = 20240*n + 2165674. What is m(-107)?
-6
Let t(u) = -u**2 + 2378*u - 773723. Give t(389).
-2
Let s(c) = -4011*c + 577593. Calculate s(144).
9
Let d(w) = 7*w**2 - 1742*w - 17359. Determine d(-10).
761
Let h(j) = j**3 - 17*j**2 - 767*j - 625. Give h(-21).
-1276
Let n(g) = -66*g**2 + 239*g + 844. Give n(-3).
-467
Let h(i) = i**3 - 178*i**2 + 1034*i - 22. Determine h(6).
-10
Let g(o) = 7635*o + 503913. Determine g(-66).
3
Let p(j) = -j**3 - 31*j**2 + 1415*j - 371. Give p(25).
4
Let c(h) = -12*h**3 + 1811*h**2 + 166*h - 2270. Determine c(151).
-5
Let k(v) = -6*v**3 + 173*v**2 - 87*v - 1389. Determine k(28).
95
Let y(r) = 3*r**2 + 46441*r - 278759. Determine y(6).
-5
Let x(t) = t**3 + 20*t**2 - 285*t - 353. What is x(11)?
263
Let l(o) = -75476*o + 75444. What is l(1)?
-32
Let n(q) = q**3 - 79*q**2 + 622*q + 372. Calculate n(70).
-188
Let f(n) = n**2 + 952*n + 523. Determine f(0).
523
Let g(y) = 3*y**2 - 207*y - 1621. What is g(78)?
485
Let h(o) = 9892*o + 20324. Give h(-2).
540
Let m(i) = i**3 - 26*i**2 - 42*i - 513. What is m(28)?
-121
Let c(h) = -3*h**3 + 232*h**2 + 419*h - 863. Determine c(79).
1033
Let a(k) = k**3 + 142*k**2 + 3562*k + 3755. What is a(-31)?
4
Let y(p) = -p**2 + 498*p + 292069. Determine y(-346).
45
Let d(l) = -66863*l - 101. Give d(0).
-101
Let x(v) = -46025*v + 460184. What is x(10)?
-66
Let m(v) = -v**3 - 50*v**2 + 378*v - 1166. What is m(-57)?
31
Let x(o) = 493*o**2 + 33*o + 38. Determine x(-1).
498
Let w(h) = 19542*h - 60549. Calculate w(3).
-1923
Let i(r) = -2*r**2 + 1765*r - 263145. What is i(190)?
5
Let k(z) = -z**3 + 47*z**2 + 232*z - 18824. Give k(24).
-8
Let v(c) = 735*c + 16217. Give v(-22).
47
Let n(r) = -273*r**2 + 9002*r + 235. Give n(33).
4
Let n(w) = 183*w**3 + 915*w**2 - 20*w - 59. Determine n(-5).
41
Let c(l) = -4*l**2 - 29*l + 223. Calculate c(6).
-95
Let w(i) = 3*i**2 - 396*i + 2909. Calculate w(124).
-67
Let r(w) = 3*w**2 - 272*w - 4107. Calculate r(-15).
648
Let k(o) = -o**2 + 6569*o - 59047. Give k(9).
-7
Let n(d) = 5*d**2 - 207*d + 746. Calculate n(4).
-2
Let f(u) = 22957*u + 46. Give f(0).
46
Let m(q) = 407*q + 210. What is m(0)?
210
Let t(z) = -z**2 - 5063*z + 7778048. What is t(1235)?
18
Let g(u) = 11*u**3 - 1154*u**2 - 109*u + 383. Give g(105).
-37
Let a(o) = 4*o**3 - 113*o**2 + 316*o + 237. What is a(4)?
-51
Let x(o) = -25614*o + 3. Give x(0).
3
Let n(s) = -s**3 - 112*s**2 - 234*s - 114. Determine n(-110).
1426
Let i(x) = 228*x - 359. Calculate i(1).
-131
Let w(l) = -7023*l + 105351. What is w(15)?
6
Let a(s) = -s**3 - 68*s**2 + 942*s + 351. Determine a(-80).
1791
Let n(t) = 605*t - 19958. What is n(33)?
7
Let l(v) = 29034*v + 87081. Determine l(-3).
-21
Let o(v) = v**2 + 328*v - 42790. Calculate o(100).
10
Let c(s) = -s**3 - 26*s**2 + 72*s + 655. Determine c(-29).
1090
Let r(l) = 23434*l + 1265437. Give r(-54).
1
Let q(t) = -1511*t - 550041. Determine q(-364).
-37
Let o(w) = 2*w**3 + 113*w**2 + 980*w - 5284. Determine o(-44).
-4
Let g(m) = -21724*m - 65132. Calculate g(-3).
40
Let o(l) = -37*l**2 - 611*l - 2226. Calculate o(-11).
18
Let q(k) = -k**3 + 13533*k**2 + 81195*k - 240. Determine q(-6).
-6
Let r(b) = b**3 + 399*b**2 + 1997*b + 57. Determine r(-5).
-78
Let d(l) = 93*l + 4863. What is d(-62)?
-903
Let b(q) = -q**3 + 122*q**2 - 582*q - 165. Give b(117).
186
Let o(m) = -m**3 - 10*m**2 + 139*m - 455. Determine o(6).
-197
Let h(i) = i**2 + 7092*i - 62. Determine h(0).
-62
Let p(s) = 75*s - 5499. What is p(61)?
-924
Let a(v) = -v**3 + 85*v**2 - 1556*v - 170. What is a(58)?
410
Let y(x) = -x**3 - 110*x**2 + 816*x - 291. Calculate y(-117).
60
Let k(l) = l**2 + 2912*l + 14579. Determine k(-5).
44
Let l(b) = 219823*b - 4176620. What is l(19)?
17
Let p(q) = q**3 - 59*q**2 + 232*q + 1959. Determine p(54).
-93
Let o(y) = -y**3 + 21*y**2 - 129*y - 24. What is o(15)?
-609
Let s(l) = -15*l**2 - 251*l - 77. Calculate s(-26).
-3691
Let n(o) = -28*